t common divisor of 750 and 508325.
25
What is the highest common factor of 14082 and 744?
6
Calculate the highest common factor of 120 and 616020.
60
What is the highest common divisor of 326112 and 1806?
258
What is the highest common factor of 190 and 6475?
5
Calculate the greatest common divisor of 153 and 108477.
153
What is the greatest common factor of 51259 and 299?
13
What is the highest common factor of 947 and 1?
1
Calculate the greatest common divisor of 1624520 and 2720.
680
Calculate the greatest common factor of 529424 and 29.
29
What is the greatest common divisor of 24675 and 30315?
705
Calculate the greatest common factor of 141 and 1518758.
47
What is the highest common factor of 28345 and 15?
5
What is the greatest common factor of 139211 and 292?
73
What is the highest common factor of 36 and 310056?
12
Calculate the highest common divisor of 65 and 680.
5
What is the highest common factor of 220 and 35332?
44
Calculate the greatest common factor of 677430 and 1890.
270
Calculate the greatest common divisor of 216 and 260.
4
Calculate the greatest common factor of 270 and 1152765.
135
Calculate the highest common divisor of 6074 and 34.
2
What is the greatest common factor of 232389 and 567?
81
Calculate the greatest common divisor of 549 and 3429.
9
Calculate the greatest common divisor of 8997328 and 16.
16
Calculate the greatest common divisor of 7291 and 138.
23
Calculate the highest common divisor of 6948 and 1548.
36
Calculate the highest common divisor of 31882 and 38.
38
What is the greatest common factor of 705 and 321809?
47
Calculate the greatest common divisor of 437613 and 298.
149
What is the greatest common factor of 831 and 40996?
277
What is the highest common divisor of 732 and 101931?
183
Calculate the greatest common divisor of 24034 and 43676.
122
Calculate the greatest common divisor of 26950 and 7315.
385
Calculate the highest common factor of 3336 and 80.
8
Calculate the highest common divisor of 213790 and 10.
10
Calculate the highest common factor of 24558 and 144.
6
What is the highest common divisor of 112 and 399224?
56
What is the greatest common factor of 1025 and 3239?
41
Calculate the greatest common divisor of 165 and 36795.
165
What is the highest common divisor of 47736 and 357?
51
What is the greatest common factor of 2074 and 611708?
122
What is the greatest common divisor of 534 and 243148?
178
What is the greatest common divisor of 608 and 619628?
76
What is the highest common factor of 550522 and 490?
14
Calculate the greatest common factor of 604233 and 161.
161
What is the greatest common factor of 2151 and 45?
9
Calculate the greatest common divisor of 12625 and 275.
25
Calculate the highest common factor of 13393 and 2655.
59
What is the highest common factor of 222 and 2368?
74
Calculate the greatest common factor of 1760927 and 7.
7
What is the highest common factor of 128 and 16056?
8
Calculate the highest common factor of 2240 and 872.
8
What is the highest common divisor of 924 and 20053?
11
What is the greatest common divisor of 1722 and 154224?
42
Calculate the highest common divisor of 4964 and 2993.
73
Calculate the highest common factor of 75775 and 350.
175
What is the greatest common divisor of 91492 and 1028?
1028
What is the greatest common divisor of 35574 and 84?
42
What is the highest common factor of 72616 and 3130?
626
What is the highest common factor of 774809 and 119?
119
Calculate the highest common factor of 52215 and 22125.
885
Calculate the highest common divisor of 25 and 682115.
5
What is the highest common factor of 15 and 932115?
15
What is the greatest common divisor of 12 and 348336?
12
What is the highest common factor of 669 and 201?
3
What is the highest common factor of 3115 and 22339?
89
What is the greatest common divisor of 2155620 and 888?
444
Calculate the greatest common factor of 95 and 4525.
5
What is the highest common divisor of 30 and 2904?
6
Calculate the greatest common divisor of 418 and 372647.
209
Calculate the greatest common factor of 142 and 332422.
142
Calculate the highest common divisor of 756 and 15204.
84
What is the greatest common factor of 44 and 93456?
44
What is the highest common factor of 45 and 11955?
15
What is the highest common factor of 55557 and 9?
9
What is the highest common divisor of 1005252 and 456?
228
What is the highest common factor of 144293 and 1565?
313
Calculate the greatest common divisor of 454018 and 274.
274
What is the highest common factor of 6080 and 350?
10
What is the greatest common divisor of 20175 and 75?
75
Calculate the highest common factor of 1 and 8338.
1
What is the greatest common divisor of 624 and 341136?
48
What is the highest common factor of 252 and 7212?
12
Calculate the highest common factor of 408007 and 47.
47
Calculate the highest common factor of 184 and 364274.
46
What is the greatest common divisor of 1107 and 147987?
27
Calculate the greatest common divisor of 96915 and 65.
65
Calculate the greatest common factor of 2507 and 436.
109
Calculate the highest common factor of 20 and 130.
10
What is the highest common factor of 44197 and 5038?
229
Calculate the greatest common factor of 158 and 418226.
158
What is the highest common factor of 9000 and 4625?
125
Calculate the greatest common divisor of 6096 and 104.
8
Calculate the highest common factor of 5044 and 3068.
52
Calculate the greatest common divisor of 29036 and 833.
119
What is the greatest common divisor of 489 and 112633?
163
Calculate the highest common factor of 204945 and 975.
195
Calculate the greatest common divisor of 3 and 67251.
3
What is the highest common factor of 10591 and 490?
7
What is the highest common factor of 9559 and 10043?
121
What is the highest common divisor of 3132 and 8?
4
What is the highest common divisor of 230437 and 466?
233
Calculate the greatest common factor of 276 and 4731.
3
What is the greatest common factor of 64 and 732736?
64
What is the highest common divisor of 7050 and 3450?
150
Calculate the greatest common factor of 850 and 57188.
34
Calculate the highest common divisor of 58 and 62.
2
Calculate the highest common factor of 140 and 43673.
7
Calculate the greatest common divisor of 8119 and 1219.
23
Calculate the highest common divisor of 39649 and 93.
31
Calculate the highest common factor of 108 and 16875.
27
Calculate the highest common divisor of 270 and 32598.
18
What is the greatest common factor of 434 and 546406?
434
Calculate the greatest common factor of 5533 and 23138.
503
What is the greatest common divisor of 281855 and 70?
35
Calculate the highest common divisor of 93495 and 1380.
345
What is the highest common factor of 54 and 15202?
2
Calculate the highest common factor of 683378 and 898.
898
What is the greatest common factor of 38204 and 4?
4
What is the highest common divisor of 54 and 2883492?
54
Calculate the greatest common divisor of 60 and 5268.
12
Calculate the highest common divisor of 14 and 37646.
14
What is the highest common divisor of 47913 and 18?
3
Calculate the highest common divisor of 52 and 1542502.
26
Calculate the greatest common factor of 38491 and 17037.
631
What is the highest common divisor of 20898 and 43086?
258
Calculate the highest common divisor of 338 and 28366.
26
Calculate the highest common factor of 17 and 1855499.
17
What is the highest common divisor of 28 and 140077?
7
What is the highest common divisor of 46872 and 3759?
21
What is the greatest common divisor of 2925 and 9594?
117
Calculate the highest common divisor of 3838 and 38.
38
Calculate the greatest common divisor of 760 and 228.
76
Calculate the greatest common factor of 216011 and 19.
19
What is the highest common divisor of 130077 and 873?
873
Calculate the highest common divisor of 269980 and 60.
20
What is the greatest common factor of 68 and 953938?
34
Calculate the highest common divisor of 182 and 34463.
13
What is the highest common factor of 7175 and 12275?
25
Calculate the greatest common divisor of 49756 and 28.
28
Calculate the highest common factor of 180 and 10692.
36
Calculate the greatest common divisor of 30 and 3186.
6
What is the highest common divisor of 175823 and 32796?
911
Calculate the greatest common divisor of 651